3769
What are the prime factors of 3051?
3, 113
List the prime factors of 7661.
47, 163
List the prime factors of 1718.
2, 859
What are the prime factors of 38107?
53, 719
List the prime factors of 2888.
2, 19
What are the prime factors of 16628?
2, 4157
What are the prime factors of 2628?
2, 3, 73
List the prime factors of 2675.
5, 107
List the prime factors of 37898.
2, 7, 2707
List the prime factors of 998.
2, 499
List the prime factors of 3673.
3673
List the prime factors of 32357.
13, 19, 131
What are the prime factors of 35604?
2, 3, 23, 43
List the prime factors of 33903.
3, 3767
List the prime factors of 31416.
2, 3, 7, 11, 17
List the prime factors of 2710.
2, 5, 271
What are the prime factors of 9745?
5, 1949
What are the prime factors of 3395?
5, 7, 97
List the prime factors of 36526.
2, 7, 2609
List the prime factors of 858.
2, 3, 11, 13
What are the prime factors of 1827?
3, 7, 29
What are the prime factors of 162413?
162413
List the prime factors of 17417.
17417
What are the prime factors of 1730?
2, 5, 173
What are the prime factors of 79063?
79063
List the prime factors of 1509.
3, 503
List the prime factors of 777.
3, 7, 37
What are the prime factors of 427?
7, 61
What are the prime factors of 18542?
2, 73, 127
List the prime factors of 1838.
2, 919
List the prime factors of 13518.
2, 3, 751
What are the prime factors of 1063?
1063
List the prime factors of 75136.
2, 587
What are the prime factors of 1371?
3, 457
List the prime factors of 4232.
2, 23
List the prime factors of 3900.
2, 3, 5, 13
List the prime factors of 7836.
2, 3, 653
List the prime factors of 18605.
5, 61
What are the prime factors of 21506?
2, 10753
What are the prime factors of 593?
593
List the prime factors of 8278.
2, 4139
List the prime factors of 356.
2, 89
List the prime factors of 68585.
5, 11, 29, 43
What are the prime factors of 1207?
17, 71
What are the prime factors of 84006?
2, 3, 13, 359
What are the prime factors of 3688?
2, 461
What are the prime factors of 2602?
2, 1301
List the prime factors of 200623.
439, 457
List the prime factors of 7766.
2, 11, 353
List the prime factors of 3434.
2, 17, 101
What are the prime factors of 3205?
5, 641
List the prime factors of 17918.
2, 17, 31
List the prime factors of 41835.
3, 5, 2789
List the prime factors of 53496.
2, 3, 743
What are the prime factors of 756?
2, 3, 7
What are the prime factors of 5537?
7, 113
What are the prime factors of 18918?
2, 3, 1051
What are the prime factors of 3999?
3, 31, 43
List the prime factors of 47729.
11, 4339
What are the prime factors of 1603?
7, 229
What are the prime factors of 26422?
2, 11, 1201
List the prime factors of 1961.
37, 53
List the prime factors of 1179.
3, 131
List the prime factors of 922.
2, 461
What are the prime factors of 794?
2, 397
What are the prime factors of 19920?
2, 3, 5, 83
List the prime factors of 9381.
3, 53, 59
What are the prime factors of 15861?
3, 17, 311
What are the prime factors of 91109?
31, 2939
List the prime factors of 7221.
3, 29, 83
What are the prime factors of 287?
7, 41
List the prime factors of 31845.
3, 5, 11, 193
What are the prime factors of 44215?
5, 37, 239
List the prime factors of 87977.
87977
What are the prime factors of 39002?
2, 19501
List the prime factors of 81431.
7, 11633
What are the prime factors of 444?
2, 3, 37
List the prime factors of 9697.
9697
What are the prime factors of 5798?
2, 13, 223
What are the prime factors of 2047?
23, 89
What are the prime factors of 1284?
2, 3, 107
List the prime factors of 4368.
2, 3, 7, 13
What are the prime factors of 1662?
2, 3, 277
What are the prime factors of 26233?
37, 709
What are the prime factors of 180?
2, 3, 5
What are the prime factors of 86153?
101, 853
What are the prime factors of 4269?
3, 1423
What are the prime factors of 1264?
2, 79
What are the prime factors of 38614?
2, 43, 449
List the prime factors of 108646.
2, 54323
What are the prime factors of 72450?
2, 3, 5, 7, 23
List the prime factors of 37816.
2, 29, 163
What are the prime factors of 39?
3, 13
What are the prime factors of 18772?
2, 13, 19
List the prime factors of 11734.
2, 5867
List the prime factors of 58972.
2, 23, 641
What are the prime factors of 2006?
2, 17, 59
What are the prime factors of 27111?
3, 7, 1291
What are the prime factors of 4662?
2, 3, 7, 37
What are the prime factors of 7331?
7331
What are the prime factors of 5046?
2, 3, 29
List the prime factors of 386.
2, 193
List the prime factors of 5381.
5381
What are the prime factors of 59222?
2, 29611
What are the prime factors of 5036?
2, 1259
What are the prime factors of 16820?
2, 5, 29
List the prime factors of 70736.
2, 4421
What are the prime factors of 6287?
6287
What are the prime factors of 1056?
2, 3, 11
What are the prime factors of 2132?
2, 13, 41
List the prime factors of 855.
3, 5, 19
What are the prime factors of 74677?
53, 1409
List the prime factors of 5270.
2, 5, 17, 31
What are the prime factors of 16510?
2, 5, 13, 127
What are the prime factors of 7668?
2, 3, 71
List the prime factors of 3487.
11, 317
List the prime factors of 2146.
2, 29, 37
List the prime factors of 2054.
2, 13, 79
List the prime factors of 1862.
2, 7, 19
What are the prime factors of 48431?
19, 2549
What are the prime factors of 35199?
3, 3911
List the prime factors of 4437.
3, 17, 29
What are the prime factors of 52000?
2, 5, 13
What are the prime factors of 16580?
2, 5, 829
List the prime factors of 3611.
23, 157
List the prime factors of 6068.
2, 37, 41
What are the prime factors of 103291?
103291
List the prime factors of 2621.
2621
List the prime factors of 174.
2, 3, 29
What are the prime factors of 17076?
2, 3, 1423
List the prime factors of 24565.
5, 17
What are the prime factors of 3128?
2, 17, 23
What are the prime factors of 3245?
5, 11, 59
List the prime factors of 4741.
11, 431
List the prime factors of 4625.
5, 37
What are the prime factors of 17330?
2, 5, 1733
List the prime factors of 653.
653
List the prime factors of 12030.
2, 3, 5, 401
What are the prime factors of 4494?
2, 3, 7, 107
List the prime factors of 636.
2, 3, 53
List the prime factors of 19755.
3, 5, 439
List the prime factors of 3350.
2, 5, 67
What are the prime factors of 119114?
2, 59557
List the prime factors of 13198.
2, 6599
What are the prime factors of 1741?
1741
What are the prime factors of 21852?
2, 3, 607
What are the prime factors of 41943?
3, 11, 31, 41
List the prime factors of 7012.
2, 1753
What are the prime factors of 132604?
2, 33151
What are the prime factors of 3811?
37, 103
What are the prime factors of 9596?
2, 2399
What are the prime factors of 51845?
5, 10369
What are the prime factors of 7211?
7211
List the prime factors of 97421.
37, 2633
List the prime factors of 25475.
5, 1019
List the prime factors of 11866.
2, 17, 349
List the prime factors of 1118.
2, 13, 43
What are the prime factors of 61148?
2, 15287
What are the prime factors of 2955?
3, 5, 197
What are the prime factors of 20623?
41, 503
What are the prime factors of 31432?
2, 3929
What are the prime factors of 2603?
19, 137
List the prime factors of 106780.
2, 5, 19, 281
What are the prime factors of 13239?
3, 1471
What are the prime factors of 2322?
2, 3, 43
List the prime factors of 161433.
3, 1993
List the prime factors of 190.
2, 5, 19
List the prime factors of 14317.
103, 139
List the prime factors of 20953.
23, 911
List the prime factors of 15470.
2, 5, 7, 13, 17
What are the prime factors of 28646?
2, 14323
List the prime factors of 3328.
2, 13
What are the prime factors of 2817?
3, 313
List the prime factors of 1313.
13, 101
List the prime factors of 68581.
68581
List the prime factors of 742.
2, 7, 53
What are the prime factors of 7175?
5, 7, 41
List the prime factors of 13454.
2, 7, 31
What are the prime factors of 3760?
2, 5, 47
What are the prime factors of 75346?
2, 101, 373
What are the prime factors of 16880?
2, 5, 211
What are the prime factors of 21513?
3, 71, 101
What are the prime factors of 3358?
2, 23, 73
List the prime factors of 27002.
2, 23, 587
What are the prime factors of 89048?
2, 11131
What are the prime factors of 63641?
23, 2767
List the prime factors of 111007.
13, 8539
What are the prime factors of 1350?
2, 3, 5
What are the prim